{"id":1441,"date":"2024-02-23T10:01:06","date_gmt":"2024-02-23T08:01:06","guid":{"rendered":"https:\/\/summayhdistys.fi\/?post_type=product&#038;p=1441"},"modified":"2025-03-17T23:01:44","modified_gmt":"2025-03-17T21:01:44","slug":"islamin-viisi-pilaria-3-almuverot","status":"publish","type":"product","link":"https:\/\/summayhdistys.fi\/6D4iE\/tuote\/islamin-viisi-pilaria-3-almuverot\/","title":{"rendered":"Islamin viisi pilaria: 3 Almuverot"},"content":{"rendered":"","protected":false},"excerpt":{"rendered":"<p><span style=\"font-weight: 400;\">Islamin viisi pilaria ovat muslimin uskon ja el\u00e4m\u00e4n perusta, ja niiden noudattaminen on pakollista jokaiselle muslimille. Samalla n\u00e4m\u00e4 muslimin t\u00e4rkeimm\u00e4t velvollisuudet my\u00f6s muodostavat perustan kaikille muille palvonnanteoille ja hyville teoille.<\/span><\/p>\n<p><span style=\"font-weight: 400;\">Selkeyden ja helppolukuisuuden vuoksi jokainen islamin pilari on k\u00e4sitelty erikseen omassa, erillisess\u00e4 kirjasessaan.\u00a0 T\u00e4ss\u00e4 Islamin viisi pilaria- kirjasarjan kolmannessa osassa k\u00e4sitell\u00e4\u00e4n selke\u00e4ll\u00e4 tavalla islamin kolmatta pilaria almuveroja.\u00a0<\/span><\/p>\n<p><span style=\"font-weight: 400;\">T\u00e4m\u00e4 kirjasarja on tarkoitettu erityisesti lapsille ja nuorille, mutta se soveltuu my\u00f6s aikuisille, erityisesti vasta-alkajille ja uusille muslimeille. Nuoresta kohderyhm\u00e4st\u00e4 johtuen kirjoissa ei kuitenkaan ole k\u00e4sitelty kaikkia islamin pilareihin liittyvi\u00e4 seikkoja ja m\u00e4\u00e4r\u00e4yksi\u00e4, vaan kirjojen tavoitteena on antaa t\u00e4rkeimmist\u00e4 k\u00e4sitelt\u00e4viin aiheisiin liittyvist\u00e4 asioista mahdollisimman helppotajuinen yleiskuva.<\/span><\/p>\n<p><span style=\"font-weight: 400;\">ISBN 978-952-65425-2-2 <\/span><\/p>\n<p>Painettu suomessa.<\/p>\n","protected":false},"featured_media":1449,"template":"","meta":[],"product_cat":[16,21],"product_tag":[],"yoast_head":"<title>Islamin viisi pilaria: 3 Almuverot - T&auml;hti&amp;Kuu Books<\/title>\n<meta name=\"robots\" content=\"index, follow, max-snippet:-1, max-image-preview:large, max-video-preview:-1\" \/>\n<link rel=\"canonical\" href=\"https:\/\/summayhdistys.fi\/6D4iE\/tuote\/islamin-viisi-pilaria-3-almuverot\/\" \/>\n<meta property=\"og:locale\" content=\"fi_FI\" \/>\n<meta property=\"og:type\" content=\"article\" \/>\n<meta property=\"og:title\" content=\"Islamin viisi pilaria: 3 Almuverot - T&auml;hti&amp;Kuu Books\" \/>\n<meta property=\"og:description\" content=\"Islamin viisi pilaria ovat muslimin uskon ja el\u00e4m\u00e4n perusta, ja niiden noudattaminen on pakollista jokaiselle muslimille. Samalla n\u00e4m\u00e4 muslimin t\u00e4rkeimm\u00e4t velvollisuudet my\u00f6s muodostavat perustan kaikille muille palvonnanteoille ja hyville teoille.  Selkeyden ja helppolukuisuuden vuoksi jokainen islamin pilari on k\u00e4sitelty erikseen omassa, erillisess\u00e4 kirjasessaan.\u00a0 T\u00e4ss\u00e4 Islamin viisi pilaria- kirjasarjan kolmannessa osassa k\u00e4sitell\u00e4\u00e4n selke\u00e4ll\u00e4 tavalla islamin kolmatta pilaria almuveroja.\u00a0  T\u00e4m\u00e4 kirjasarja on tarkoitettu erityisesti lapsille ja nuorille, mutta se soveltuu my\u00f6s aikuisille, erityisesti vasta-alkajille ja uusille muslimeille. Nuoresta kohderyhm\u00e4st\u00e4 johtuen kirjoissa ei kuitenkaan ole k\u00e4sitelty kaikkia islamin pilareihin liittyvi\u00e4 seikkoja ja m\u00e4\u00e4r\u00e4yksi\u00e4, vaan kirjojen tavoitteena on antaa t\u00e4rkeimmist\u00e4 k\u00e4sitelt\u00e4viin aiheisiin liittyvist\u00e4 asioista mahdollisimman helppotajuinen yleiskuva.  ISBN 978-952-65425-2-2   Painettu suomessa.\" \/>\n<meta property=\"og:url\" content=\"https:\/\/summayhdistys.fi\/6D4iE\/tuote\/islamin-viisi-pilaria-3-almuverot\/\" \/>\n<meta property=\"og:site_name\" content=\"T&auml;hti&amp;Kuu Books\" \/>\n<meta property=\"article:publisher\" content=\"https:\/\/facebook.com\/tahtikuubooks\" \/>\n<meta property=\"article:modified_time\" content=\"2025-03-17T21:01:44+00:00\" \/>\n<meta property=\"og:image\" content=\"https:\/\/summayhdistys.fi\/6D4iE\/wp-content\/uploads\/2024\/02\/WhatsApp-Image-2024-02-23-at-09.39.54-1.jpeg\" \/>\n\t<meta property=\"og:image:width\" content=\"1536\" \/>\n\t<meta property=\"og:image:height\" content=\"2048\" \/>\n\t<meta property=\"og:image:type\" content=\"image\/jpeg\" \/>\n<meta name=\"twitter:card\" content=\"summary_large_image\" \/>\n<script type=\"application\/ld+json\" class=\"yoast-schema-graph\">{\"@context\":\"https:\/\/schema.org\",\"@graph\":[{\"@type\":\"WebPage\",\"@id\":\"https:\/\/summayhdistys.fi\/6D4iE\/tuote\/islamin-viisi-pilaria-3-almuverot\/\",\"url\":\"https:\/\/summayhdistys.fi\/6D4iE\/tuote\/islamin-viisi-pilaria-3-almuverot\/\",\"name\":\"Islamin viisi pilaria: 3 Almuverot - T&auml;hti&amp;Kuu Books\",\"isPartOf\":{\"@id\":\"https:\/\/summayhdistys.fi\/6D4iE\/#website\"},\"primaryImageOfPage\":{\"@id\":\"https:\/\/summayhdistys.fi\/6D4iE\/tuote\/islamin-viisi-pilaria-3-almuverot\/#primaryimage\"},\"image\":{\"@id\":\"https:\/\/summayhdistys.fi\/6D4iE\/tuote\/islamin-viisi-pilaria-3-almuverot\/#primaryimage\"},\"thumbnailUrl\":\"https:\/\/summayhdistys.fi\/6D4iE\/wp-content\/uploads\/2024\/02\/WhatsApp-Image-2024-02-23-at-09.39.54-1.jpeg\",\"datePublished\":\"2024-02-23T08:01:06+00:00\",\"dateModified\":\"2025-03-17T21:01:44+00:00\",\"breadcrumb\":{\"@id\":\"https:\/\/summayhdistys.fi\/6D4iE\/tuote\/islamin-viisi-pilaria-3-almuverot\/#breadcrumb\"},\"inLanguage\":\"fi\",\"potentialAction\":[{\"@type\":\"ReadAction\",\"target\":[\"https:\/\/summayhdistys.fi\/6D4iE\/tuote\/islamin-viisi-pilaria-3-almuverot\/\"]}]},{\"@type\":\"ImageObject\",\"inLanguage\":\"fi\",\"@id\":\"https:\/\/summayhdistys.fi\/6D4iE\/tuote\/islamin-viisi-pilaria-3-almuverot\/#primaryimage\",\"url\":\"https:\/\/summayhdistys.fi\/6D4iE\/wp-content\/uploads\/2024\/02\/WhatsApp-Image-2024-02-23-at-09.39.54-1.jpeg\",\"contentUrl\":\"https:\/\/summayhdistys.fi\/6D4iE\/wp-content\/uploads\/2024\/02\/WhatsApp-Image-2024-02-23-at-09.39.54-1.jpeg\",\"width\":1536,\"height\":2048},{\"@type\":\"BreadcrumbList\",\"@id\":\"https:\/\/summayhdistys.fi\/6D4iE\/tuote\/islamin-viisi-pilaria-3-almuverot\/#breadcrumb\",\"itemListElement\":[{\"@type\":\"ListItem\",\"position\":1,\"name\":\"Etusivu\",\"item\":\"https:\/\/summayhdistys.fi\/6D4iE\/\"},{\"@type\":\"ListItem\",\"position\":2,\"name\":\"Kauppa-old\",\"item\":\"https:\/\/summayhdistys.fi\/6D4iE\/kauppa-old\/\"},{\"@type\":\"ListItem\",\"position\":3,\"name\":\"Islamin viisi pilaria: 3 Almuverot\"}]},{\"@type\":\"WebSite\",\"@id\":\"https:\/\/summayhdistys.fi\/6D4iE\/#website\",\"url\":\"https:\/\/summayhdistys.fi\/6D4iE\/\",\"name\":\"T&auml;hti&amp;Kuu Books\",\"description\":\"T&auml;hti&amp;Kuu Books\",\"publisher\":{\"@id\":\"https:\/\/summayhdistys.fi\/6D4iE\/#organization\"},\"potentialAction\":[{\"@type\":\"SearchAction\",\"target\":{\"@type\":\"EntryPoint\",\"urlTemplate\":\"https:\/\/summayhdistys.fi\/6D4iE\/?s={search_term_string}\"},\"query-input\":\"required name=search_term_string\"}],\"inLanguage\":\"fi\"},{\"@type\":\"Organization\",\"@id\":\"https:\/\/summayhdistys.fi\/6D4iE\/#organization\",\"name\":\"T\u00e4hti&Kuu Books Oy\",\"url\":\"https:\/\/summayhdistys.fi\/6D4iE\/\",\"logo\":{\"@type\":\"ImageObject\",\"inLanguage\":\"fi\",\"@id\":\"https:\/\/summayhdistys.fi\/6D4iE\/#\/schema\/logo\/image\/\",\"url\":\"https:\/\/summayhdistys.fi\/6D4iE\/wp-content\/uploads\/2021\/11\/Tahtikuu-logo-musta-smol_768px.png\",\"contentUrl\":\"https:\/\/summayhdistys.fi\/6D4iE\/wp-content\/uploads\/2021\/11\/Tahtikuu-logo-musta-smol_768px.png\",\"width\":768,\"height\":411,\"caption\":\"T\u00e4hti&Kuu Books Oy\"},\"image\":{\"@id\":\"https:\/\/summayhdistys.fi\/6D4iE\/#\/schema\/logo\/image\/\"},\"sameAs\":[\"https:\/\/facebook.com\/tahtikuubooks\",\"https:\/\/instagram.com\/tahtikuubooks\"]}]}<\/script>","yoast_head_json":{"title":"Islamin viisi pilaria: 3 Almuverot - T&auml;hti&amp;Kuu Books","robots":{"index":"index","follow":"follow","max-snippet":"max-snippet:-1","max-image-preview":"max-image-preview:large","max-video-preview":"max-video-preview:-1"},"canonical":"https:\/\/summayhdistys.fi\/6D4iE\/tuote\/islamin-viisi-pilaria-3-almuverot\/","og_locale":"fi_FI","og_type":"article","og_title":"Islamin viisi pilaria: 3 Almuverot - T&auml;hti&amp;Kuu Books","og_description":"Islamin viisi pilaria ovat muslimin uskon ja el\u00e4m\u00e4n perusta, ja niiden noudattaminen on pakollista jokaiselle muslimille. Samalla n\u00e4m\u00e4 muslimin t\u00e4rkeimm\u00e4t velvollisuudet my\u00f6s muodostavat perustan kaikille muille palvonnanteoille ja hyville teoille.  Selkeyden ja helppolukuisuuden vuoksi jokainen islamin pilari on k\u00e4sitelty erikseen omassa, erillisess\u00e4 kirjasessaan.\u00a0 T\u00e4ss\u00e4 Islamin viisi pilaria- kirjasarjan kolmannessa osassa k\u00e4sitell\u00e4\u00e4n selke\u00e4ll\u00e4 tavalla islamin kolmatta pilaria almuveroja.\u00a0  T\u00e4m\u00e4 kirjasarja on tarkoitettu erityisesti lapsille ja nuorille, mutta se soveltuu my\u00f6s aikuisille, erityisesti vasta-alkajille ja uusille muslimeille. Nuoresta kohderyhm\u00e4st\u00e4 johtuen kirjoissa ei kuitenkaan ole k\u00e4sitelty kaikkia islamin pilareihin liittyvi\u00e4 seikkoja ja m\u00e4\u00e4r\u00e4yksi\u00e4, vaan kirjojen tavoitteena on antaa t\u00e4rkeimmist\u00e4 k\u00e4sitelt\u00e4viin aiheisiin liittyvist\u00e4 asioista mahdollisimman helppotajuinen yleiskuva.  ISBN 978-952-65425-2-2   Painettu suomessa.","og_url":"https:\/\/summayhdistys.fi\/6D4iE\/tuote\/islamin-viisi-pilaria-3-almuverot\/","og_site_name":"T&auml;hti&amp;Kuu Books","article_publisher":"https:\/\/facebook.com\/tahtikuubooks","article_modified_time":"2025-03-17T21:01:44+00:00","og_image":[{"width":1536,"height":2048,"url":"https:\/\/summayhdistys.fi\/6D4iE\/wp-content\/uploads\/2024\/02\/WhatsApp-Image-2024-02-23-at-09.39.54-1.jpeg","type":"image\/jpeg"}],"twitter_card":"summary_large_image","schema":{"@context":"https:\/\/schema.org","@graph":[{"@type":"WebPage","@id":"https:\/\/summayhdistys.fi\/6D4iE\/tuote\/islamin-viisi-pilaria-3-almuverot\/","url":"https:\/\/summayhdistys.fi\/6D4iE\/tuote\/islamin-viisi-pilaria-3-almuverot\/","name":"Islamin viisi pilaria: 3 Almuverot - T&auml;hti&amp;Kuu Books","isPartOf":{"@id":"https:\/\/summayhdistys.fi\/6D4iE\/#website"},"primaryImageOfPage":{"@id":"https:\/\/summayhdistys.fi\/6D4iE\/tuote\/islamin-viisi-pilaria-3-almuverot\/#primaryimage"},"image":{"@id":"https:\/\/summayhdistys.fi\/6D4iE\/tuote\/islamin-viisi-pilaria-3-almuverot\/#primaryimage"},"thumbnailUrl":"https:\/\/summayhdistys.fi\/6D4iE\/wp-content\/uploads\/2024\/02\/WhatsApp-Image-2024-02-23-at-09.39.54-1.jpeg","datePublished":"2024-02-23T08:01:06+00:00","dateModified":"2025-03-17T21:01:44+00:00","breadcrumb":{"@id":"https:\/\/summayhdistys.fi\/6D4iE\/tuote\/islamin-viisi-pilaria-3-almuverot\/#breadcrumb"},"inLanguage":"fi","potentialAction":[{"@type":"ReadAction","target":["https:\/\/summayhdistys.fi\/6D4iE\/tuote\/islamin-viisi-pilaria-3-almuverot\/"]}]},{"@type":"ImageObject","inLanguage":"fi","@id":"https:\/\/summayhdistys.fi\/6D4iE\/tuote\/islamin-viisi-pilaria-3-almuverot\/#primaryimage","url":"https:\/\/summayhdistys.fi\/6D4iE\/wp-content\/uploads\/2024\/02\/WhatsApp-Image-2024-02-23-at-09.39.54-1.jpeg","contentUrl":"https:\/\/summayhdistys.fi\/6D4iE\/wp-content\/uploads\/2024\/02\/WhatsApp-Image-2024-02-23-at-09.39.54-1.jpeg","width":1536,"height":2048},{"@type":"BreadcrumbList","@id":"https:\/\/summayhdistys.fi\/6D4iE\/tuote\/islamin-viisi-pilaria-3-almuverot\/#breadcrumb","itemListElement":[{"@type":"ListItem","position":1,"name":"Etusivu","item":"https:\/\/summayhdistys.fi\/6D4iE\/"},{"@type":"ListItem","position":2,"name":"Kauppa-old","item":"https:\/\/summayhdistys.fi\/6D4iE\/kauppa-old\/"},{"@type":"ListItem","position":3,"name":"Islamin viisi pilaria: 3 Almuverot"}]},{"@type":"WebSite","@id":"https:\/\/summayhdistys.fi\/6D4iE\/#website","url":"https:\/\/summayhdistys.fi\/6D4iE\/","name":"T&auml;hti&amp;Kuu Books","description":"T&auml;hti&amp;Kuu Books","publisher":{"@id":"https:\/\/summayhdistys.fi\/6D4iE\/#organization"},"potentialAction":[{"@type":"SearchAction","target":{"@type":"EntryPoint","urlTemplate":"https:\/\/summayhdistys.fi\/6D4iE\/?s={search_term_string}"},"query-input":"required name=search_term_string"}],"inLanguage":"fi"},{"@type":"Organization","@id":"https:\/\/summayhdistys.fi\/6D4iE\/#organization","name":"T\u00e4hti&Kuu Books Oy","url":"https:\/\/summayhdistys.fi\/6D4iE\/","logo":{"@type":"ImageObject","inLanguage":"fi","@id":"https:\/\/summayhdistys.fi\/6D4iE\/#\/schema\/logo\/image\/","url":"https:\/\/summayhdistys.fi\/6D4iE\/wp-content\/uploads\/2021\/11\/Tahtikuu-logo-musta-smol_768px.png","contentUrl":"https:\/\/summayhdistys.fi\/6D4iE\/wp-content\/uploads\/2021\/11\/Tahtikuu-logo-musta-smol_768px.png","width":768,"height":411,"caption":"T\u00e4hti&Kuu Books Oy"},"image":{"@id":"https:\/\/summayhdistys.fi\/6D4iE\/#\/schema\/logo\/image\/"},"sameAs":["https:\/\/facebook.com\/tahtikuubooks","https:\/\/instagram.com\/tahtikuubooks"]}]}},"_links":{"self":[{"href":"https:\/\/summayhdistys.fi\/6D4iE\/wp-json\/wp\/v2\/product\/1441"}],"collection":[{"href":"https:\/\/summayhdistys.fi\/6D4iE\/wp-json\/wp\/v2\/product"}],"about":[{"href":"https:\/\/summayhdistys.fi\/6D4iE\/wp-json\/wp\/v2\/types\/product"}],"wp:featuredmedia":[{"embeddable":true,"href":"https:\/\/summayhdistys.fi\/6D4iE\/wp-json\/wp\/v2\/media\/1449"}],"wp:attachment":[{"href":"https:\/\/summayhdistys.fi\/6D4iE\/wp-json\/wp\/v2\/media?parent=1441"}],"wp:term":[{"taxonomy":"product_cat","embeddable":true,"href":"https:\/\/summayhdistys.fi\/6D4iE\/wp-json\/wp\/v2\/product_cat?post=1441"},{"taxonomy":"product_tag","embeddable":true,"href":"https:\/\/summayhdistys.fi\/6D4iE\/wp-json\/wp\/v2\/product_tag?post=1441"}],"curies":[{"name":"wp","href":"https:\/\/api.w.org\/{rel}","templated":true}]}}